{"id":2428,"date":"2025-03-04T11:00:52","date_gmt":"2025-03-04T10:00:52","guid":{"rendered":"https:\/\/www.mbc.pl\/?page_id=2428"},"modified":"2025-03-04T11:00:52","modified_gmt":"2025-03-04T10:00:52","slug":"oferta-pracy-asystent-programisty-systemow-hvac-i-bms","status":"publish","type":"page","link":"https:\/\/www.mbc.pl\/index.php\/oferta-pracy-asystent-programisty-systemow-hvac-i-bms\/","title":{"rendered":"Oferta Pracy Asystent programisty system\u00f3w HVAC i BMS"},"content":{"rendered":"<p style=\"text-align: center;\">Asystentka\/Asystent Programisty System\u00f3w HVAC i BMS<\/p>\n<p style=\"text-align: left;\">Wynagrodzenie:<br \/>\n8 100 z\u0142 Brutto<br \/>\nW tym: podstawa wynagrodzenia + premia + dodatek frekwencyjny<br \/>\nMiejsce pracy: Siemianowice \u015al\u0105skie, \u015al\u0105skie<br \/>\nForma zatrudnienia: Umowa o prac\u0119<br \/>\nWymiar czasu pracy: Pe\u0142ny etat<br \/>\nTryb pracy: Praca stacjonarna<br \/>\nKompetencje: Samodzielny\/Starszy asystent<\/p>\n<p style=\"text-align: center;\">\n<strong>Zadania jakie przewidujemy do wykonywania na oferowanym przez nas stanowisku to:<\/strong><\/p>\n<p style=\"text-align: left;\">\n1. Prowadzenie prac programistycznych &#8211; implementacja algorytm\u00f3w sterowania w sterownikach Schneider Electric, Distech Controls, iSMA Controlli.<br \/>\n2. Przygotowywanie i tworzenie wizualizacji system\u00f3w automatyki i system\u00f3w BMS &#8211; w tym: tworzenie schematycznych grafik, system\u00f3w rejestracji parametr\u00f3w, system\u00f3w alarmowania i raportowania.<br \/>\n3. Prowadzenie prac przygotowawczych do programowania &#8211; konfigurowanie, adresowanie i testowanie sterownik\u00f3w<br \/>\n4. Uczestnictwo w uruchomieniach instalacji wyposa\u017conych w uk\u0142ady automatyki &#8211; zdalne asystowanie zespo\u0142om pracuj\u0105cym na obiekcie<br \/>\n5. Wsp\u00f3\u0142tworzenie i uzgadnianie algorytm\u00f3w sterowania &#8211; uzgadnianie algorytm\u00f3w w oparciu o wymagania klienta i wytyczne projektant\u00f3w<br \/>\n6. Obs\u0142uga gwarancyjna obiektu &#8211; weryfikowanie zg\u0142osze\u0144, ustalanie przyczyn usterek i wprowadzanie poprawek<\/p>\n<p style=\"text-align: left;\">\n<strong>Oto co wed\u0142ug nas jest potrzebne aby realizowa\u0107 te zadania:<\/strong><br \/>\n1. Do\u015bwiadczenie w programowaniu sterownik\u00f3w automatyki budynkowej lub system\u00f3w wizualizacji<br \/>\n2. Umiej\u0119tno\u015b\u0107 czytania dokumentacji technicznej (DTR urz\u0105dze\u0144)<br \/>\n3. Umiej\u0119tno\u015b\u0107 czytania schemat\u00f3w elektrycznych uk\u0142ad\u00f3w automatyki, schemat\u00f3w technologicznych instalacji HVAC<br \/>\n4. Uko\u0144czone studia na kierunku automatyka lub pokrewne<br \/>\n5. Samodzielno\u015b\u0107 i komunikatywno\u015b\u0107<br \/>\n6. Obecno\u015b\u0107 w biurze oraz sporadyczne wyjazdy na obiekt<br \/>\n<strong>Mile widziane:<\/strong><br \/>\n1. Znajomo\u015b\u0107 systemu BMS Schneider i platformy EBO<br \/>\n2. Znajomo\u015b\u0107 program\u00f3w typu CAD<\/p>\n<p style=\"text-align: left;\">\n<strong>Dlaczego rekrutujemy na to stanowisko:<\/strong><br \/>\nPoszukujemy osoby ch\u0119tnej do podj\u0119cia pracy w dziale Automatyki i BMS zwi\u0105zanej z programowaniem system\u00f3w BMS, tworzeniem ich wizualizacji oraz \u015bwiadczeniem wsparcia serwisowego w ich zakresie.<br \/>\nUczestnictwo w uruchomieniach instalacji wyposa\u017conych w uk\u0142ady automatyki wymaga<br \/>\nzaanga\u017cowania, czasami pracy a\u017c do skutku.<br \/>\nFirma MBC w ostatnich latach znacz\u0105co zwi\u0119kszy\u0142a liczb\u0119 realizowanych projekt\u00f3w.<br \/>\nObecnie, z uwagi na wzrost ilo\u015bci pracy, istnieje potrzeba zatrudnienia nowego<br \/>\npracownika, kt\u00f3ry wesprze dotychczasowy zesp\u00f3\u0142 w realizacji powierzonych obowi\u0105zk\u00f3w.<\/p>\n<p style=\"text-align: left;\"><strong>Aplikuj:<\/strong><br \/>\nautomatyka@mbc.pl<br \/>\nmichal.gorny@mbc.pl<\/p>\n","protected":false},"excerpt":{"rendered":"<p>Asystentka\/Asystent Programisty System\u00f3w HVAC i BMS Wynagrodzenie: 8 100 z\u0142 Brutto W tym: podstawa wynagrodzenia + premia + dodatek frekwencyjny Miejsce pracy: Siemianowice \u015al\u0105skie, \u015al\u0105skie Forma zatrudnienia: Umowa o prac\u0119 &#8230;<\/p>\n","protected":false},"author":5,"featured_media":0,"parent":0,"menu_order":0,"comment_status":"closed","ping_status":"closed","template":"","meta":{"footnotes":""},"_links":{"self":[{"href":"https:\/\/www.mbc.pl\/index.php\/wp-json\/wp\/v2\/pages\/2428"}],"collection":[{"href":"https:\/\/www.mbc.pl\/index.php\/wp-json\/wp\/v2\/pages"}],"about":[{"href":"https:\/\/www.mbc.pl\/index.php\/wp-json\/wp\/v2\/types\/page"}],"author":[{"embeddable":true,"href":"https:\/\/www.mbc.pl\/index.php\/wp-json\/wp\/v2\/users\/5"}],"replies":[{"embeddable":true,"href":"https:\/\/www.mbc.pl\/index.php\/wp-json\/wp\/v2\/comments?post=2428"}],"version-history":[{"count":1,"href":"https:\/\/www.mbc.pl\/index.php\/wp-json\/wp\/v2\/pages\/2428\/revisions"}],"predecessor-version":[{"id":2429,"href":"https:\/\/www.mbc.pl\/index.php\/wp-json\/wp\/v2\/pages\/2428\/revisions\/2429"}],"wp:attachment":[{"href":"https:\/\/www.mbc.pl\/index.php\/wp-json\/wp\/v2\/media?parent=2428"}],"curies":[{"name":"wp","href":"https:\/\/api.w.org\/{rel}","templated":true}]}}