{"id":1252,"date":"2020-02-28T10:06:27","date_gmt":"2020-02-28T09:06:27","guid":{"rendered":"http:\/\/www.mbc.net.pl\/?page_id=1252"},"modified":"2023-09-06T13:34:29","modified_gmt":"2023-09-06T11:34:29","slug":"1252-2","status":"publish","type":"page","link":"https:\/\/www.mbc.pl\/index.php\/1252-2\/","title":{"rendered":"Pascal"},"content":{"rendered":"\r\n<h3 class=\"wp-block-heading\" style=\"text-align:center\">Nominacja MBC do nagrody PASCAL 2020<\/h3>\r\n\r\n\r\n\r\n<figure class=\"wp-block-image\"><img loading=\"lazy\" decoding=\"async\" width=\"790\" height=\"175\" src=\"https:\/\/www.mbc.pl\/wp-content\/uploads\/2020\/02\/Pascal.png\" alt=\"\" class=\"wp-image-1251\" srcset=\"https:\/\/www.mbc.pl\/wp-content\/uploads\/2020\/02\/Pascal.png 790w, https:\/\/www.mbc.pl\/wp-content\/uploads\/2020\/02\/Pascal-300x66.png 300w, https:\/\/www.mbc.pl\/wp-content\/uploads\/2020\/02\/Pascal-768x170.png 768w\" sizes=\"(max-width: 790px) 100vw, 790px\" \/><\/figure>\r\n\r\n\r\n\r\n<p>Z rado\u015bci\u0105 informujemy, \u017ce zg\u0142oszony przez MBC projekt\r\nwentylacji Budynku Biurowego im. Konrada Blocha przy ul. Konduktorskiej w\r\nKatowicach otrzyma\u0142 nominacj\u0119 do VI edycji bran\u017cowej nagrody PASCAL 2020. <\/p>\r\n\r\n\r\n\r\n<p>Laureat\u00f3w nagrody poznamy ju\u017c 3 marca na uroczystej Gali Bran\u017cowej\r\nw Warszawie. <\/p>\r\n\r\n\r\n\r\n<p>Organizatorem Nagrody jest Stowarzyszenie Polska Wentylacja\r\nzrzeszaj\u0105ca osoby zwi\u0105zane zawodowo z bran\u017c\u0105 wentylacyjn\u0105. Nadrz\u0119dnym celem\r\norganizacji jest upowszechnianie skutecznych sposob\u00f3w wentylacji w budownictwie,\r\npromowanie najlepszych rozwi\u0105za\u0144 oraz wspieranie rozwoju bran\u017cy. <\/p>\r\n\r\n\r\n\r\n<p>Nagroda ma na celu promowanie my\u015bli in\u017cynierskiej,\r\nwskazywanie dobrych wzor\u00f3w oraz uhonorowanie os\u00f3b i firm b\u0119d\u0105cych autorami\r\ninstalacji wentylacyjnych, klimatyzacyjnych i ch\u0142odzenia za wyr\u00f3\u017cniaj\u0105ce si\u0119 koncepcje\r\nin\u017cynierskie oraz rzetelno\u015b\u0107 zawodow\u0105. Ide\u0105 przyznawania Nagrody PASCAL jest\r\nr\u00f3wnie\u017c podkre\u015blenie roli in\u017cynier\u00f3w bran\u017cy wentylacyjno-klimatyzacyjnej w\r\nprocesie projektowym oraz ich wk\u0142adu w dzie\u0142o budowlane. Celem nagrody jest\r\ntak\u017ce pokazanie, jak istotna jest jako\u015b\u0107 powietrza \u015brodowiska wewn\u0119trznego i\r\njaki ma wp\u0142yw na codzienne funkcjonowanie. Nagradzane s\u0105 najlepsze biura\r\nprojektowe za dynamizm, dopasowanie do potrzeb inwestora i elastyczn\u0105 form\u0119\r\npracy.<\/p>\r\n\r\n\r\n\r\n<p><\/p>\r\n","protected":false},"excerpt":{"rendered":"<p>Nominacja MBC do nagrody PASCAL 2020 Z rado\u015bci\u0105 informujemy, \u017ce zg\u0142oszony przez MBC projekt wentylacji Budynku Biurowego im. Konrada Blocha przy ul. Konduktorskiej w Katowicach otrzyma\u0142 nominacj\u0119 do VI edycji &#8230;<\/p>\n","protected":false},"author":1,"featured_media":0,"parent":0,"menu_order":0,"comment_status":"closed","ping_status":"closed","template":"","meta":{"footnotes":""},"_links":{"self":[{"href":"https:\/\/www.mbc.pl\/index.php\/wp-json\/wp\/v2\/pages\/1252"}],"collection":[{"href":"https:\/\/www.mbc.pl\/index.php\/wp-json\/wp\/v2\/pages"}],"about":[{"href":"https:\/\/www.mbc.pl\/index.php\/wp-json\/wp\/v2\/types\/page"}],"author":[{"embeddable":true,"href":"https:\/\/www.mbc.pl\/index.php\/wp-json\/wp\/v2\/users\/1"}],"replies":[{"embeddable":true,"href":"https:\/\/www.mbc.pl\/index.php\/wp-json\/wp\/v2\/comments?post=1252"}],"version-history":[{"count":8,"href":"https:\/\/www.mbc.pl\/index.php\/wp-json\/wp\/v2\/pages\/1252\/revisions"}],"predecessor-version":[{"id":1752,"href":"https:\/\/www.mbc.pl\/index.php\/wp-json\/wp\/v2\/pages\/1252\/revisions\/1752"}],"wp:attachment":[{"href":"https:\/\/www.mbc.pl\/index.php\/wp-json\/wp\/v2\/media?parent=1252"}],"curies":[{"name":"wp","href":"https:\/\/api.w.org\/{rel}","templated":true}]}}

<h3 class="wp-block-heading" style="text-align:center">Nominacja MBC do nagrody PASCAL 2020</h3>



<figure class="wp-block-image"><img loading="lazy" decoding="async" width="790" height="175" src="https://www.mbc.pl/wp-content/uploads/2020/02/Pascal.png" alt="" class="wp-image-1251" srcset="https://www.mbc.pl/wp-content/uploads/2020/02/Pascal.png 790w, https://www.mbc.pl/wp-content/uploads/2020/02/Pascal-300x66.png 300w, https://www.mbc.pl/wp-content/uploads/2020/02/Pascal-768x170.png 768w" sizes="(max-width: 790px) 100vw, 790px" /></figure>



<p>Z radością informujemy, że zgłoszony przez MBC projekt
wentylacji Budynku Biurowego im. Konrada Blocha przy ul. Konduktorskiej w
Katowicach otrzymał nominację do VI edycji branżowej nagrody PASCAL 2020. </p>



<p>Laureatów nagrody poznamy już 3 marca na uroczystej Gali Branżowej
w Warszawie. </p>



<p>Organizatorem Nagrody jest Stowarzyszenie Polska Wentylacja
zrzeszająca osoby związane zawodowo z branżą wentylacyjną. Nadrzędnym celem
organizacji jest upowszechnianie skutecznych sposobów wentylacji w budownictwie,
promowanie najlepszych rozwiązań oraz wspieranie rozwoju branży. </p>



<p>Nagroda ma na celu promowanie myśli inżynierskiej,
wskazywanie dobrych wzorów oraz uhonorowanie osób i firm będących autorami
instalacji wentylacyjnych, klimatyzacyjnych i chłodzenia za wyróżniające się koncepcje
inżynierskie oraz rzetelność zawodową. Ideą przyznawania Nagrody PASCAL jest
również podkreślenie roli inżynierów branży wentylacyjno-klimatyzacyjnej w
procesie projektowym oraz ich wkładu w dzieło budowlane. Celem nagrody jest
także pokazanie, jak istotna jest jakość powietrza środowiska wewnętrznego i
jaki ma wpływ na codzienne funkcjonowanie. Nagradzane są najlepsze biura
projektowe za dynamizm, dopasowanie do potrzeb inwestora i elastyczną formę
pracy.</p>



<p></p>

<p>Nominacja MBC do nagrody PASCAL 2020 Z radością informujemy, że zgłoszony przez MBC projekt wentylacji Budynku Biurowego im. Konrada Blocha przy ul. Konduktorskiej w Katowicach otrzymał nominację do VI edycji &#8230;</p>
